 38. Give h(y).
-16
Let a(v) = -12*v - 8. Suppose 345 = 92*b + 253. Give a(b).
-20
Let g(r) = 187*r - 206. Let d(z) = 15*z - 17. Let i(s) = -50*d(s) + 4*g(s). Calculate i(0).
26
Let w(p) = 2*p**3 + 43*p**2 + 46*p - 67. Let z be w(-2). Let u(b) be the first derivative of -b**3/3 - b**2 + 3*b + 3. Give u(z).
0
Let g(k) be the second derivative of 13*k**3/6 + 5*k**2/2 - 1687*k. What is g(1)?
18
Let w(n) be the first derivative of n**5/15 - n**4/24 - n**3/6 + 93*n**2/2 + 16. Let r(h) be the second derivative of w(h). Determine r(2).
13
Let k = -46 + 37. Let i(b) be the second derivative of b**4/12 + 3*b**3/2 - b**2 - 204*b + 2. Calculate i(k).
-2
Let n(m) = -m**2 + m + 5. Let z = 326 - 264. Let w be 44/(-330) - z/(-15). Calculate n(w).
-7
Let m be -4 + 0 - -2 - (-1 + -1). Let h be -1 + 2 - m - (5 - 6). Let q(b) = -3 + h + 3*b**2 + 5*b**2 + 8*b**3 - 5*b - 9*b**3. Calculate q(7).
13
Let s(y) = -61*y - 179. Let m be s(-3). Let n(i) = -i**3 + 3*i**2 + 2*i - 1. Calculate n(m).
-9
Let l(v) = 11*v**3 + 25*v**2 + 20*v - 15. Suppose 0 = 3*u - 241 + 229. Let z(o) = 5*o**3 + 12*o**2 + 9*o - 7. Let y(p) = u*l(p) - 9*z(p). Calculate y(-7).
-39
Suppose -7*k = -4*k + 3, 3*k = 2*o + 17. Let q(x) = 4*x - 2*x + 4*x. Let c(a) = -a. Let b(i) = o*c(i) - 2*q(i). Calculate b(1).
-2
Let o(g) be the first derivative of 57 + g + 0*g**3 + 1/4*g**4 - 1/2*g**2. Calculate o(1).
1
Let b(c) = -c**3 + 13*c**2 - 15*c + 17. Let x(z) = 2*z**2 + 8*z + 17. Let k be x(-3). Determine b(k).
94
Let h(u) = -u**3 + u**2 + u + 42. Let k be (-80 + 80)/(-17 + 7). Calculate h(k).
42
Let z = 67 - 61. Let g be (-25)/(-10)*1/(5/z). Let d(c) = c**2 - 3*c - 4. What is d(g)?
-4
Let n(x) = 9*x + 1. Let h = -3 + -26. Let g = -43 - h. Let a = -13 - g. Determine n(a).
10
Let z(j) = -j**2 - 10*j - 11. Let w(b) = -b - 4. Let k be w(-4). Suppose 2*p + 10 = -2*f, p + 3*p + 5*f + 17 = k. Determine z(p).
5
Let t(u) = 2*u + 2. Suppose 28*c - 16*c = 120. Let s be (4/(-6))/(c/90). What is t(s)?
-10
Let o(h) = -77*h**2 + 16*h - 21. Let g(v) = 96*v**2 - 17*v + 20. Let s(r) = -4*g(r) - 5*o(r). Determine s(4).
-7
Let m(q) = -q**2 - q + 34. Let a be m(5). Let i(j) = -73*j + a*j**2 + 82*j + 0*j**2 - 8 - 5*j**2. Calculate i(8).
0
Let w(a) = -56*a**3 + a**2 - 2. Let h(d) = 55*d**3 + 19*d**2 + 45*d - 24. Let i(m) = h(m) + w(m). What is i(22)?
-4
Suppose 5*h + 18 = 3*r - 5, -2*h - 2*r - 22 = 0. Let l(y) = -78 + 2621*y**2 + 2618*y**2 - 9*y + 74 - y**3 - 5247*y**2. Give l(h).
10
Let t = -360 - -394. Suppose 0 = -38*s + t*s + 52. Let m(o) = -o + 9. Determine m(s).
-4
Let l(i) = -8. Let b(d) = 6*d + 242. Let t(r) = -b(r) + 6*l(r). Calculate t(-49).
4
Let m = 43 - 78. Let l be (399/m + 11)/(4/(-10)). Let h(x) be the third derivative of -x**5/6 + x**4/24 + x**2. Give h(l).
-9
Let y(n) = n**3 + 10*n**2 - 6. Suppose 30*x = 33*x - 69. Suppose 93 - x = -7*u. What is y(u)?
-6
Let q(k) be the first derivative of -2*k**3/3 + 7*k**2/2 - 8*k + 1654. Calculate q(3).
-5
Let l(u) be the second derivative of u**6/60 + u**5/60 + u**4/24 + 67*u**3/2 - 57*u - 2. Let t(z) be the second derivative of l(z). Determine t(-2).
21
Let d(l) be the second derivative of -4*l**3/3 + 55*l. Let p be ((-224)/(-140))/((-6)/15). Calculate d(p).
32
Let c(r) = -r - 11. Suppose -5*t = 4*g + 206, 4*g - 1 - 3 = 0. Let l = t + 62. Let f be (-6)/(2 - l/15). What is c(f)?
-2
Let j(d) = -d**3 - 9*d**2 + 10*d - 2. Let v = 1565 - 1575. Determine j(v).
-2
Let l(v) = -8*v. Let a be (5*2/(-5))/((-1)/2). Suppose 5*n + 21 = 4*q, -a*q + 5*q + 2*n + 11 = 0. What is l(q)?
8
Let q(b) = -b**3 + 4*b**2 + 2*b - 11. Let h be q(3). Suppose 0 = -h*n + 4. Let x(k) = n + 6*k**3 + k + 10*k**2 - 3*k**2 - 6*k**2. Give x(-1).
-5
Let s(c) be the second derivative of 30*c + 3/2*c**3 + 5/12*c**4 - 5/2*c**2 - 1/20*c**5 + 3. Give s(6).
13
Let f = -9071 + 9074. Let b(n) be the third derivative of 1/10*n**5 + 0*n**f + 1/120*n**6 - 7/24*n**4 + 0 + 19*n**2 + 0*n. Determine b(-7).
0
Let l(a) = 12*a + 8. Let o be 2/(-3) + (-86)/6 + 12. Determine l(o).
-28
Let n be (-36)/30*(30/(-18))/1. Let l(z) = -z + 19. Give l(n).
17
Suppose 4*r + 34 = s, 3*r - 38*s = -36*s - 23. Let u(p) = 15*p + 137. Determine u(r).
2
Let v(z) = -2*z - 2. Let s = 55 + -53. Let c be (-546)/(-105) + s/(-10). Suppose -10*r - 30 = -c*r. Determine v(r).
10
Let d(m) = m**3 + 7*m**2 - 9*m - 4. Suppose 5*p + 135 = 5*k, 2*p - 7*p + k - 143 = 0. Let t = p - -21. Give d(t).
4
Suppose -232*q - 1332 - 384 = -76*q. Let s(w) = w**2 + 16*w + 48. Give s(q).
-7
Let a(v) = -27*v**3 - 18*v**2 - 26*v + 32. Let p(z) = -38*z**3 - 28*z**2 - 39*z + 49. Let s(i) = -7*a(i) + 5*p(i). Give s(-13).
21
Let f(r) = 9*r**3 + 2*r**2 + 7*r + 10. Let w(o) = -25*o**3 - 7*o**2 - 21*o - 31. Let p(g) = 11*f(g) + 4*w(g). What is p(-5)?
-4
Let u(p) = -p**2 + 6*p - 6. Let q = 24 - 4. Let h be 372/27 + q/90. Suppose 5*y - h = 16. Determine u(y).
-6
Suppose 40*a + 1224 = 193*a. Let y(q) = q**2 - 8*q - 20. Determine y(a).
-20
Let y = 568 + -565. Suppose -543 = -t + 176. Let s(q) = t - 720 + q**y + 3*q - 5*q**2 - q. Determine s(4).
-9
Let a(g) = g**2 - 18. Let d be ((-9)/((-54)/(-44)))/(6/(-9)). Suppose 21 = 18*z - d*z. Suppose -z*l = 2*p - 0 - 8, 3*p = 12. Determine a(l).
-18
Suppose -4 = -0*b + 4*b. Let h be (4 + -7 + 3)/b. Suppose h = 5*s - 19 - 11. Let c(n) = -n + 7. What is c(s)?
1
Suppose -s + 73 = n, 5*s - 589 + 216 = 3*n. Let y(v) = -61*v**2 + 6*v + 9 + s*v**2 - 2*v**3 + 0*v. Let t be y(7). Let c(w) = w**3 - 2*w + 2. Calculate c(t).
6
Let h = -33 + 27. Let f(m) = 4*m**2 + 5*m - m**3 + 6 - 8*m**2 - 3*m - 16*m**2 + 14*m**2. Give f(h).
-6
Let x(o) = -40*o - 42. Let d = -5486 - -5485. Determine x(d).
-2
Suppose 0 = 3*f - 3*s - 63, -2*f + 5 = s - 28. Let g = -8 + f. Let y(l) = l**2 - 8*l - 9. Give y(g).
11
Suppose 0 = 12*l + 66 - 18. Let c be l - (-6)/9*-6. Let a(s) = 2*s + 5*s - 8*s - 5 + 0*s. Calculate a(c).
3
Let k = 5 - 3. Suppose -85 = -5*n - 2*g - 32, k*n - g = 14. Let x(i) = -247 - i + n*i**2 + 246 - 2*i**2. What is x(-1)?
7
Suppose -1 - 3 = -2*o. Let b(k) = -k**2 - 2*k**o + k - 2*k**2. Let d(p) = -p**2 - 258*p - 1017. Let j be d(-4). Give b(j).
-6
Suppose 3*w + 15 = 21. Suppose 0 = -m - 2*j - 17, 3*m + w*m + 41 = j. Let b be (-70)/(-9) - 2/m. Let x(z) = z**2 - 7*z - 3. Give x(b).
5
Suppose x - 3*y = 0, -3*y - y = 0. Suppose n - 2 + 20 = x. Let z = n - -20. Let c(l) = l**2 - 1. Calculate c(z).
3
Let f(z) = z**2 + 7*z - 14. Let a be f(2). Let q(n) = n**2 + n + 8. Determine q(a).
28
Suppose 5*l + 4*q = -79 + 14, 4*l - 4*q + 16 = 0. Let p be (-280)/42 - (-3)/l. Let b(r) = r**2 + 9*r + 9. Determine b(p).
-5
Suppose 268 = -p + 258. Let y = -3 - p. Let s(j) = j - 10. Give s(y).
-3
Let u(l) = 44*l**3 - 31*l**2 - 10*l + 7. Let s(k) = 14*k**3 - 9*k**2 - 3*k + 2. Let n(x) = -14*s(x) + 4*u(x). Determine n(-1).
20
Let r(k) = -8 - 4*k**2 - k**2 + 4*k**3 - k - 3*k**3. Let n be ((-2)/5)/((-1)/1465). Let o = n - 580. What is r(o)?
22
Suppose 3*g = 6*g + 18. Let c be 6/18 - 10/g. Let v(l) = -3*l**2 + 2 + 0*l**c + 6*l**2 - 3*l + l**3. Give v(-3).
11
Let u(b) = -47*b + 146. Suppose w = -2*t + 4, 3*w - 6*w = -t + 9. Let i be u(t). Let o(s) = s**2 - 6*s + 3. Give o(i).
-2
Let a(r) be the third derivative of -2 + 1/4*r**4 + 5/6*r**3 + 0*r - 27*r**2. Calculate a(4).
29
Suppose -361*j + 4928 + 3304 = 325*j. Let n(f) = f**3 - 10*f**2 - 19*f - 42. What is n(j)?
18
Let f(k) = 3*k**2 - 2*k + 2. Let v(z) = 13*z**2 + 7*z + 36. Let d(m) = 4*f(m) - v(m). Calculate d(-12).
8
Let k(r) = 61*r - 189. Let b(q) = 380*q - 1135. Let u(o) = 3*b(o) - 19*k(o). Calculate u(10).
-4
Let k(w) = -2*w - 19. Let b = 4291 + -4304. Determine k(b).
7
Let s be (-105)/(-10)*4/(-12)*-2. Suppose -s*m = -o - 4*m - 9, 0 = -o + 2*m - 5. Let z(j) = 2*j**2 - j - 3. Determine z(o).
12
Let d(a) = 6 + a**2 - 11*a + 4*a + a - 16. Let b be d(8). Let i(v) = -5*v + 8 - 3*v + 4*v**2 - v**2 - 2*v**2. Determine i(b).
-4
Let b(d) = -d**2 + 25*d + 59. Let w be b(-2). Let q(a) be the second derivative of -1/6*a**3 - 11/2*a**2 - 1/12*a**4 + 4*a - 1/20*a**w + 0. Calculate q(0).
-11
Suppose -l + 12 = -4*n, 0*n + l - 8 = 2*n. Suppose -3*p + 26*p = 115. Let x(k) = 471*k - 476*k + p - 4. Give x(n).
11
Let p be ((-304)/57 + 5)/(1/12). Let m(g) = -17*g - 2*g**3 + 22*g + 3*g**3 + 1 + 6*g**2 + 2. Determine m(p).
15
Suppose -40 = 5*w + 2*a - 17, 0